te 96 + (21 - 54) + -44.
19
(2 - (14 - 3)) + (-673 - -691)
9
What is the value of 23 + 5 - ((17 - -5) + -41)?
47
Evaluate 6588 + -6579 - (23 - -1).
-15
What is -381 - -250 - (-1 + -10 - -1) - (23 - 21)?
-123
What is the value of (2 + 11 - 0) + -2 + (-20911 - -20810)?
-90
Calculate -8 - -23 - (-5 + (15 - 3)).
8
What is 41 + 2 + -5 + -318 + 406?
126
Evaluate -36 + 121 + -148 + -1 + 14.
-50
What is -127 + 80 + 12 + (-11 - -10) + 12 + 1?
-23
(4 + 10 + (-13 - -5) - 10) + -3
-7
Calculate (-4 - ((32 - 49) + 6)) + (0 - -86).
93
What is -7 - (-46 - (12 + -22)) - (-1 - -1 - -5)?
24
What is -26 + 98 + -133 + -3?
-64
-17 + 7 + -5 + 22 + -2 - (-13 + -2)
20
What is -25 + (8 - (-3 + 4 + -4 + 6))?
-20
(16 - (-13 - -29)) + (1 - 5 - (-58 + 58))
-4
What is the value of (16 - -6) + (-20 - -9 - 2) + -2 + 12?
19
Calculate (-13 - (6 - 65)) + -2 + 15 - -14.
73
What is the value of 3 + 15 + -11 + (15 - 11) + -17?
-6
What is the value of 33 + (-15 - 20) - (0 + 67 + -4)?
-65
Evaluate (-3 - 18 - -5) + -1 + 12 + (-40 - -23).
-22
What is -2 + 6 - (15 + (-26 - -7) - (-2 + -2))?
4
What is the value of (63 - -31 - 111) + 10?
-7
What is the value of 6 + 1 + (4 + -10 - 2) + -36 + -10?
-47
11 - -48 - 44 - 12
3
Calculate (40 - (54 - 4)) + 28.
18
Evaluate 8 + (14 - (72 + (-8 - -15) + -17)).
-40
-24 + 123 + -2 + (8 - 6) + -8
91
What is (-1 - 35) + (-15 + -4 - -15) + (1 - -1)?
-38
-30 - ((2 - (-4 - 4 - -4)) + (1 - 1))
-36
What is the value of -25 + -2 - (511 + -480)?
-58
Evaluate -7 + (-51 - -6 - -73).
21
Evaluate 68 + (-84 - -24 - 28).
-20
What is the value of -19 - (-45 + 45 + (-2 - -14))?
-31
What is (137 - 115) + 5 + (31 - -2)?
60
Evaluate -31 - (-180 - (-106 - -66)).
109
What is the value of (271 - (-50 - -241)) + (11 - -1)?
92
What is 10 + -13 + 36 + 6?
39
What is (221 - -2) + 1803 + -1888?
138
-60 + 61 + (-1 - -52) + (22 - 21)
53
-5 - (23 - -26 - 14) - 18
-58
Evaluate 12 - ((-214 - -208) + -1 + 74).
-55
What is -10 + (1 + 1 + -397 + 384 - -6)?
-15
What is the value of -12 + (-3 + 16 - 25 - -2) + -117?
-139
55 - (-1 + 2 + 5 - -6) - 0
43
What is the value of (10 - 19) + 21 + -1 + (38 - (-30 + 75))?
4
Calculate 30 + 1 - (-43 - -29 - (-12 - (7 + 4))).
22
Calculate -16 - -12 - 20 - 17 - (-14 + 1).
-28
137 + -69 - -35 - 47
56
Evaluate -21 + 11 + 16 + -2 + 9 - -96.
109
Evaluate (-20 - 0) + (38 - (-7 + 4)).
21
What is (3 - 53) + 58 - (-15 + 4) - 135?
-116
What is (-24 - -10 - (62 - 35)) + 3 + -6?
-44
Calculate -83 + (-120 - -91 - -79).
-33
What is (44 - -2 - 6) + -37 + 102?
105
Evaluate 1 + (-27 - -15) + 21 - -2 - (-7 + -3).
22
-17 - (0 + (-21 - -18)) - -28
14
Calculate 18 + (6 - ((8 - (2 + 24)) + -42)).
84
Calculate (91 + -30 - (3 - (0 - (4 - -2)))) + 12.
64
22 - (57 - (-1 - (1 + 6)))
-43
Calculate (-22 - (6 - -6)) + 22 - (2 - -22).
-36
What is the value of (11 - (29 - (-18 + 3 + 8))) + -18?
-43
What is the value of 18 + -28 + 23 - (-1 + -24 + 0)?
38
What is the value of -20 - (4 + -60 + 18 - -29)?
-11
What is the value of (-1 - 11) + (-24 - -4 - -11) + 49?
28
What is -13 + (5 + (1 - 4) - (-24 + -5)) + -3?
15
Evaluate -86 - (63 + -28) - (-6 - -1) - -13.
-103
Calculate -20 + (28 - 57) + 20 + -18.
-47
(-3 - -6 - (-13 + -5 + -42)) + 16 + -27
52
Calculate -7 + -10 + 31 + 5 - -10.
29
What is the value of 46 + (5 - 9 - (-12 - (9 - 9) - -1))?
53
Calculate -36 - 2 - (45 - -5 - 46).
-42
What is -6 - (33 + -10 + 10 + -4 - (-9 + 5))?
-39
-949 + 960 - (45 + -10)
-24
Calculate ((1 - -5) + -11 - (-76 + 64)) + -47.
-40
Calculate -38 - (-58 - (-34 + -11)).
-25
-23 - 1 - (1 + 78 + -52)
-51
Calculate 40 - (7 + 35 - (-11 - -32)).
19
36 + (88 - (-25 + (4 - -42)))
103
What is (16 - (-1 + 7 - -7)) + (14 - 150 - -13)?
-120
Evaluate (-886 - -882) + -3 + -7 + 1 + (-15 - -18).
-10
Calculate 6 - (-3 + 2 + 3 + (-54 - -64)).
-6
What is 699 + -677 + 1 + -2 + 11?
32
Evaluate 11 + (17 - -16 - 78) + 33.
-1
Evaluate (1 - 0) + -20 + 8 + (-26 + 25 - -20).
8
Evaluate -29 + 19 + -7 + 17 + 55.
55
Evaluate 38 + -34 - (-1 - -36 - (5 + -4) - 12).
-18
Calculate (9 - -55) + -10 + 15 + (-2 - 14 - 0).
53
What is 239 + -207 - (0 + 0 + -1)?
33
What is -24 - ((-19 - -9) + -14 + 47)?
-47
Calculate 15 + (0 - 46 - (27 + 54 + -66)).
-46
(-4 - (-2 - -6 - -38)) + (36 - 30)
-40
What is the value of 11 - (-12 + (-13 - -131 - 27))?
-68
Evaluate -26 + (-2 - (6 - -5)) + 6.
-33
Calculate -8 + -10 + (-17 - (-10 - (-14 + 7))).
-32
What is the value of 7 + 99 + -4 + (-4 - ((-36 - -7) + 19))?
108
Calculate -4262 + 4283 - (1 - (-55 + 0)).
-35
Evaluate (-17 - (-5 - -11)) + (-3 - -19).
-7
-55 + (19 - 33 - -48) + 120
99
What is the value of 8 + (-24 - -13 - -32) - -16?
45
2 + -3 - (1 + -10 + 22 - -44)
-58
What is the value of (-12 + 2 - 6 - -36) + -1 + 79?
98
Calculate (-126 - (122 + -252)) + 121.
125
-2 + 0 + 120 - ((4 - (15 - 1)) + 15)
113
Calculate (-1526 + 1494 - (-35 + 0)) + 20.
23
What is 10 - (25 + (9 - 4 - -1 - 2))?
-19
What is (28 - 16) + -21 + 36 - 4?
23
What is (-229 - -156) + -4 + 53?
-24
Evaluate -14 - (5 - (3 + 7 - 5 - -5)).
-9
What is -4 + -4 - (-2 + 6 + 2 + (48 - 47))?
-15
What is 41 + 4 + 9 + (4 - -14) + -5?
67
What is the value of (-134 - -185) + (-4 + 0 - (-10 - (1 + -2)))?
56
What is the value of 61 + (-122 - -37) + 5?
-19
9 + (-30 - -15) + (1 + (3 - 40) - 2)
-44
What is (34 - 13) + -11 - (-12 + (0 - (-2 + -2)))?
18
Evaluate (-64 - -2) + (-150 + 147 - -34).
-31
What is the value of (18 - (37 - 103)) + -28?
56
What is 0 + 0 - ((-13 - -10) + -41)?
44
What is -11 - -6 - -5 - (8 - (-4 + 3))?
-9
What is -32 - (24 - (18 + -10) - 0) - 4?
-52
-45 + (-2 - (36 + -37 + 57))
-103
Calculate -4 + -24 + (496 - 489).
-21
Calculate 60 - (-45 + 91) - 47.
-33
What is the value of -8 - 2 - (-8 + 8 - (2 - 2))?
-10
What is the value of -9 + 64 + -112 + 81?
24
Calculate (-4 - -12 - (19 + -18 - 8) - 60) + -7.
-52
Evaluate -3 + 93 + -5 + -3 + -17 + -14 + 39.
90
Calculate 2440 + -2463 + (-17 + -1 - 6).
-47
What is 67 - (3947 + -3942 + (43 - 0))?
19
What is the value of (-25 - -21) + -1 + 5 - (125 + -209)?
84
What is the value of -1 - 54 - (30 + -60 - (0 + -27))?
-52
25 - 6 - (-28 - 1 - -22)
26
What is 9 + (7 - 15) - (-214 - -251)?
-36
97 + (-132 - (-34 + 13))
-14
What is the value of -22 + (8 + (-45 - -46) - (-116 - 0))?
103
208 + -228 + 49 + -3 + 25
51
Calculate (-180 - -112) + -43 - -87.
-24
Evaluate 12 + 4 + -118 + 61.
-41
(5 - 74) + (4 - (-159 + 158 + 12 + 2))
-78
Evaluate -26 - ((57 - 28) + -54 + 43).
-44
What is the value of 3 - 26 - ((-13 - (-49 - -76)) + 18)?
-1
What is the value of (-5 - (-2 - (31 - -1))) + -521 + 520?
28
11 + 6 + 0 - (5 - -23)
-11
Evaluate -1299 + 1358 + (-149 - 0) - (0 + -1 - 13).
-76
Evaluate (-117 - (-10 - 42)) + 47.
-18
Evaluate (63 - 30) + -116 - 26 - 0.
-109
Evaluate (-4 - (10 - 31 - (-9 + -2))) + 38.
44
1712 - 1689 - (36 + (1 - 1))
-13
(-5 - -11) + -19 + (24 - (0 - -50))
-39
What is 41 - 2 - (43 - (7 + -90))?
-87
What is 162 + (8 - 92) + -140?
-62
Evaluate (100 - 110) + -21 - 44.
-75
What is the value of -1 - (5 + -5 - 10 - -98 - 14)?
-75
17 - (-2 + (-30 - -24)) - 7
18
3 - -54 - (-2 + 0) - (-13 - 14 - -32)
54
What is the value of -2 - (4 - 25) - (14 - (-15 + (-4 - -28)))?
14
Calculate 1 + -16 - (-51 + 192 + -18 - (-1 + 0)).
-139
Evaluate 6 + -36 + 9 + 4 + 4 - -66.
53
Calculate 30 - 25 - (-14 - -13).
6
What is -80 - 2 - ((-288 - -282) + 15 + -8 + -3)?
-80
What is the value of -97 + (-91 - (-347 - -156))?
3
What is the value of 1 + (-5 - 3 - 30) - 26?
-63
What is -7 - -18 - 7 - 44?
-40
What is -166 + 162 + (5 - 3 - 3)?
-5
Evaluate -55 + 35 + (-20 + 35 + -17 - 15).
-37
Evaluate -10 + 34 + 43 + -53.
14
What is 7 + -63 + 114 + -80?
-22
What is the value of -5 + (4 - 70) + -14 + (0 - -13) + -12?
-84
0 + 24 - (-19006 - -19039)
-9
Calculate 3 + -16 + (165 - 87).
65
Evaluate 2 - -25 - (-45 + 103 - -35).
-66
What is the value of -6 + 6 + (-6 + 0 - -2) + -17 + 0?
-21
-13 - (-22 - (-21 - (41 + -4)))
-49
Evaluate 8 - 0 - (-775 + 764).
19
Evaluate -14 + 77 + -109 + 14.
-32
What is 15 - (((-12 - -23) + -1 - 29) + 45)?
-11
Evaluate (-156 - -123) + (-37 - -118).
48
Evaluate -53 + (-14 - -15) + 4 + 3.
-45
12 - ((49 - 14) + 23) - -23
-23
Calculate 11 - (-1 + 71 - 4).
-55
30 + -26 + -63 + 2 + 18
-39
Evaluate 19 + -21 + (2 - 0) + 1083 + -1063.
20
Calculate 37 + 83 + 7 - (17 + -1).
111
What is the value of (-1 - -14) + (-98 - -24 - (-25 + 